r/10)/((-1)/4). Suppose 4*m + 22 = x. Let i(k) = -k**3 - 6*k**2 - 5*k + 3. Give i(m).
3
Suppose 0 = 4*w - 12*w + 72. Let k(t) = -t**2 + 10*t - 10. Give k(w).
-1
Let b(q) = 2*q - 7. Let r(h) = -3*h + 14. Let j(i) = -5*b(i) - 3*r(i). Give j(-6).
-1
Let t(l) = -l**2 + 6*l - 5. Let u = -13 + 19. Calculate t(u).
-5
Suppose -3*c + 0*c + 21 = -3*n, 23 = 3*c - 5*n. Let t(u) = u. Determine t(c).
6
Suppose -3*k + 7 = 1, 8 = -y + 5*k. Let q(z) be the second derivative of 0 - 1/6*z**3 + 2*z**y + 2*z. Calculate q(4).
0
Let z(m) = -m**2 + 8*m + 9. Suppose -79 + 34 = -5*x. Calculate z(x).
0
Let k = 5 - 10. Let z = k - -2. Let d(r) be the second derivative of -r**4/12 - 2*r**3/3 - r**2 + 2*r. Determine d(z).
1
Let t = 9 + -13. Let u(z) be the third derivative of 0 + 0*z - 1/120*z**6 - 1/15*z**5 - 1/6*z**3 + z**2 - 1/12*z**4. What is u(t)?
7
Let u be (2/3)/(28/(-63))*-2. Let r(v) = v**3 - v**2. Suppose 3*k + k = -20. Let w(z) = -4*z**3 + 3*z**2 - 2*z - 1. Let l(n) = k*r(n) - w(n). What is l(u)?
-2
Let d(a) = 2*a**3. Let n be 39/(-33) + 2/11. Give d(n).
-2
Let c(v) = v - 1. Let u be -2 - 10*(-3)/(-6). Calculate c(u).
-8
Let n(z) = -z**2 + 4*z + 6. Let m be n(5). Let d be m*3/(6/4). Let j(y) = y - 3*y**2 - 3*y**3 + d + 0*y**3 + 4*y**3. What is j(3)?
5
Let g(l) = -2*l**3 + l**3 + 3*l**2 - 3*l**3 + 5*l**3 - 3*l. Suppose -3*k - 9 = 4*t, -3*k - 2*t - 3*t = 9. Let o = -1 + k. What is g(o)?
-4
Let x(d) = d + 1. Let w(p) = p**2 + 2*p + 5. Let g(r) = -w(r) + 3*x(r). Let q(a) = a**2 - 2*a + 2. Let l(s) = -6*g(s) - 5*q(s). Give l(-3).
-1
Let l(v) = -3*v**2 - 8*v - 1. Let r(a) = -a**2 - 4*a - 1. Let j(c) = -2*l(c) + 5*r(c). Suppose 8*b - 30 = 2. Calculate j(b).
-3
Let w(p) = p**2 + p - 4. Suppose 0 = -a - 2*a + 21. Let d = -10 + a. Determine w(d).
2
Let i(n) = n - 13. Let p = 10 - 0. Let d be i(p). Let q(u) = -u - 6. Calculate q(d).
-3
Let i = 1 + -5. Let j(s) = 10*s**2 - 2 + 5*s + s + s**3 - 5*s. Let x(w) = w**2 - 1. Let q(t) = j(t) - 6*x(t). Determine q(i).
0
Let d(s) = 5*s - 1. Let u be 49/(-21) + 4/(-6). Let t(y) = -y - 1. Let j be t(u). Give d(j).
9
Let f(d) = -d**3 + 5*d**2 + 3 + 9*d - 13*d**2 + 0*d**3. Determine f(-9).
3
Let m(n) = 5*n**2 + 4*n + 8. Let s(z) = -z**2 + z - 1. Let h(d) = m(d) + 6*s(d). Calculate h(11).
-9
Let m(z) = -z**2 + 5*z - 2. Let h be m(2). Let v(f) = f - 5*f**3 + 2 + h*f**3 - 10*f**2 + 10*f**2. Let k = -3 - -5. What is v(k)?
-4
Let i(d) be the second derivative of -5*d + 1/20*d**5 - d**2 + 0 - 1/12*d**4 - 1/2*d**3. Determine i(3).
7
Let p(d) = -d**2 + 10*d - 17. Let c be p(6). Let q(a) = 2*a - 4. Determine q(c).
10
Let n(q) = -4*q**2 + 0 + 6 - 1 - 4. Give n(1).
-3
Let r be ((-6)/(-8))/((-3)/12). Let w(g) be the third derivative of -g**4/12 - 2*g**3/3 + 5*g**2. What is w(r)?
2
Let w(r) = 4*r. Let q = 12 + -13. Calculate w(q).
-4
Suppose -3*n + 7 = 4. Let a = 3 + -7. Let z be 0 - (a + n) - -1. Let x(m) = m**2 - 4*m + 4. Determine x(z).
4
Let w = 50 + -53. Let l(j) = j**2 + 2*j + 4. What is l(w)?
7
Suppose -t - 4*t + 4*d = -6, 16 = -4*d. Let c(x) be the third derivative of -x**6/60 - x**5/20 + 4*x**2. Calculate c(t).
4
Let h(k) = k**2 - 4*k - 6. Suppose -n - 3*j = -6, 0 = -n - j - 3*j + 6. Calculate h(n).
6
Let l(p) = p. Let n(j) = -12*j + 1. Let b be n(-1). Suppose 3*s + b = -2. Calculate l(s).
-5
Let j(a) = 2*a**3 - 6*a**2 - 7*a - 6. Let d(g) = 3*g**3 - 6*g**2 - 8*g - 7. Let s(z) = -3*d(z) + 4*j(z). Calculate s(-2).
-11
Let j(h) = 2*h**3 + 4*h**2 + h + 2. Let l(p) = 5*p**3 + 1 - 2*p**3 + 4*p**2 + 0*p**3. Let t(a) = -4*j(a) + 3*l(a). Give t(5).
0
Let s(o) = 6*o + 10. Let v be s(-2). Let r(l) be the second derivative of l**5/20 + l**4/3 + 2*l**3/3 + 3*l**2/2 - 2*l. Give r(v).
3
Let l(r) = 4*r + 4. Suppose 4*o + t + 9 = 0, -t + 3 + 6 = -2*o. Calculate l(o).
-8
Let r(l) = l**2 - 6*l + 1. Suppose 1 = 2*z + 7. Let y(c) be the first derivative of 2*c**3/3 - 7*c**2/2 - 12. Let m(g) = z*r(g) + 2*y(g). Calculate m(-4).
-3
Let c(s) = s**2 + s + 15. Let f(k) = k**3 - 4*k**2 + 3*k. Let d be f(3). Calculate c(d).
15
Let w(n) be the second derivative of -n**4/24 - 2*n**3/3 + 2*n**2 + 4*n. Let f(k) be the first derivative of w(k). Determine f(-3).
-1
Suppose 5*i - 10 = 0, -5*o + 9 + 18 = i. Suppose -o*w - 18 = 2*v, 3*v + 0 = 4*w - 4. Let d(m) = -m - 9. Determine d(v).
-5
Let x = -6 - -9. Let a(y) = x + 2*y - 3*y + 2*y - 4*y. Calculate a(4).
-9
Let d(y) be the second derivative of y**4/12 + 5*y**3/6 - 5*y**2 - 29*y. Determine d(-7).
4
Let a = -8 - -10. Suppose -d + 3 = -a. Let c(g) = -3*g**2 - 1 + 4*g**2 + 4*g - 2*g**2. Calculate c(d).
-6
Suppose -4*h - 6 = -26. Suppose 61 = 4*k - k - q, -5*q - 45 = -2*k. Let w be (1/4)/(h/k). Let z(j) = 7*j**3 - 2*j + 1. What is z(w)?
6
Suppose 32 = -5*h - 28. Let g be h/16*1*-12. Let b be (-2)/(-4) - g/2. Let f(s) = s**2 + 3*s - 1. What is f(b)?
3
Let p(z) = -17*z. Let h be -2 - 1 - -4 - 2. Give p(h).
17
Let m(r) = r**3 - r**2 + 3*r - 2. Let b be m(2). Let z(u) = u**3 - 8*u**2 + 1. Calculate z(b).
1
Suppose -6*p + 3*p + 6 = 0. Let d(v) = -v + v**2 - 7 + 4*v + p*v. Give d(-5).
-7
Let u = -13 + 11. Let n(c) = -2*c**3 - 1 + 6 - 6 - 2*c - 3*c**2. Determine n(u).
7
Suppose 7*x = 4*x - 4*x. Let p(y) be the third derivative of 2/3*y**3 - 1/24*y**4 - 2*y**2 + x*y + 0. Give p(-5).
9
Let g(i) be the third derivative of i**8/20160 + i**7/630 + i**6/80 - i**5/20 - 3*i**2. Let h(f) be the third derivative of g(f). Calculate h(-6).
-3
Let b(o) = 2*o**2 - 5*o + 3. Let x(u) = -u + 9 + 6 + 2 - 5. Let i be x(9). Calculate b(i).
6
Let c be 10/(-45) + 29/9. Let w(k) be the second derivative of -1/6*k**c + k + 0 + 0*k**2. What is w(3)?
-3
Let p(x) = 6*x**2. Let n = -62 + 61. What is p(n)?
6
Let z(s) be the first derivative of -3*s**2/2 - 2*s - 7. Let i be 6*(2 - 0)/(-2). Let n be (-2 - -8)*3/i. Give z(n).
7
Suppose -9*m = -5*m + 12. Let a(h) = h**3 + h**2 - 4*h - 3. Give a(m).
-9
Let q(n) = -n**3 + 3*n**2 - 2*n + 3. Let d be q(2). Let j(i) = -4*i - 1. Let g be j(-1). Suppose 4 = 4*h + g*a, -4*a = -d*a + 4. Let v(f) = 2*f. Determine v(h).
8
Let z(k) be the first derivative of k**6/360 - k**5/120 + k**4/12 - k**3/3 - 3. Let o(m) be the third derivative of z(m). Give o(2).
4
Let r be -1 + (-26)/(-6) + 3/(-9). Let m(z) be the first derivative of -1/2*z**2 - 5*z + r. Determine m(4).
-9
Let l(d) be the first derivative of -3*d**3 - d**2/2 + 8. Calculate l(1).
-10
Let c(p) = -p - 7. Suppose -1 - 7 = 2*y. Let b(x) = x**3 + 4*x**2 - 4. Let f be b(y). Determine c(f).
-3
Let x(y) = -9*y + 5. Let g(s) = 8*s - 4. Let q(i) = -4*g(i) - 3*x(i). Determine q(1).
-4
Let h(a) = 2 + a**2 - 4 - 19*a + 21*a. Give h(-3).
1
Let w(j) be the first derivative of -3*j**2/2 + j - 1. Let b be w(-1). Let v(s) = -s**2 - s + 0*s + b - 2*s. Calculate v(-5).
-6
Let o(f) = 3*f + 19 + 0*f**3 - 17 + 2*f**3 - 3*f**3. Suppose 3 - 1 = -b. What is o(b)?
4
Let i(b) = -b**2 - 6*b - 7. Let p = -3 + 3. Suppose 5*g - 6*o + 5*o + 35 = p, 5*o = 0. Let v = g - -2. Calculate i(v).
-2
Let v(t) = -t**3 + 5*t**2 - 3*t - 4. Let j be (2 - (0 + 0))*1. Suppose 4 = j*w - 4. Give v(w).
0
Let r(x) be the third derivative of -x**5/60 + x**3/6 + 53*x**2. What is r(0)?
1
Let k = -1 + 0. Let m(w) be the first derivative of -w**3/6 - w**2/2 - w - 1. Let p(j) be the first derivative of m(j). Give p(k).
0
Let f(i) = i**3 + i**2 + i + 1. Let o(x) = 6*x**3 + 10*x**2 - x + 11. Let m(c) = 5*f(c) - o(c). Determine m(-6).
-6
Let a(h) = -h**3 + 5*h**2 + 2*h - 6. Let q be (-2)/(-2) + 0 + 2. Suppose -2*c = q*j - 22, 0*c = -3*c + j + 11. Determine a(c).
4
Let l(i) = i. Let w(n) = -3*n + 7. Let g(d) = 5*l(d) + w(d). Let q be (-28)/6 + 1/(-3). Give g(q).
-3
Let g(u) be the third derivative of u**6/120 + u**5/10 + u**4/6 - u**3 - 2*u**2. Calculate g(-5).
-1
Suppose 3*r - 9 = 0, -4*v + 2*r - 4 = -22. Let b(h) be the third derivative of h**6/120 - h**5/10 + 4*h**3/3 - h**2. Give b(v).
8
Let w = -1 - 2. Let f = -5 - w. Let a(t) = -2*t**3 - t**2 + 2*t - 1. Determine a(f).
7
Suppose 4 = p - 4*a + 2*a, p - 1 = a. Suppose 4*k = 2*d + k + 11, -3*k + 15 = 0. Let v(l) = 3*l + 0*l + 2 - d*l. Calculate v(p).
0
Suppose 0 = -5*p - 0*p. Suppose -5*l = -5 - p. Let k(g) = 2*g**2 + g. Calculate k(l).
3
Let z(x) = 2*x + 4. Let n be z(-4). Let m(a) be the second derivative of a**4/12 + 5*a**3/6 + 2*a**2 - 4*a. Calculate m(n).
0
Let u(o) = -2